{"id":27,"date":"2013-09-08T18:30:24","date_gmt":"2013-09-08T18:30:24","guid":{"rendered":"http:\/\/limburg-schule.de\/?page_id=27"},"modified":"2026-03-28T07:46:08","modified_gmt":"2026-03-28T07:46:08","slug":"limburgschule-bad-duerkheim","status":"publish","type":"page","link":"https:\/\/limburg-schule.de\/","title":{"rendered":"Herzlich Willkommen!"},"content":{"rendered":"<p><strong><span style=\"color: #0000ff;\">Liebe Sch\u00fclerinnen und Sch\u00fcler, liebe Eltern und liebe Besucher,<\/span><\/strong><\/p>\n<p><span style=\"color: #0000ff;\"><b>herzlich Willkommen auf den Seiten der Limburgschule (Schule mit dem F\u00f6rderschwerpunkt Lernen) Bad D\u00fcrkheim.<\/b><\/span><\/p>\n<p><strong><span style=\"color: #339966;\">Das Team der Limburgschule w\u00fcnscht allen Sch\u00fclerinnen und Sch\u00fclern, sowie Familien, Freunden und Unterst\u00fctzern der erholsame Ferien und frohe Ostern!<\/span><\/strong><\/p>\n<p><strong>Berichte zu Projekten, Unterrichtsg\u00e4ngen, Sportwettk\u00e4mpfen, Neuigkeiten etc. sind unter der Rubrik &#8222;Aktuelles&#8220; einzusehen.<\/strong><br \/>\n<strong>Termine, wichtige Informationen, sowie der wochenaktuelle Speiseplan finden sich auf der Startseite rechts!<\/strong><\/p>\n<p><img loading=\"lazy\" decoding=\"async\" class=\"alignnone size-medium wp-image-4702\" src=\"https:\/\/limburg-schule.de\/wp-content\/uploads\/2022\/05\/185_19_Logo_Digitalpakt_Schule_01-251x300.jpg\" alt=\"\" width=\"251\" height=\"300\" srcset=\"https:\/\/limburg-schule.de\/wp-content\/uploads\/2022\/05\/185_19_Logo_Digitalpakt_Schule_01-251x300.jpg 251w, https:\/\/limburg-schule.de\/wp-content\/uploads\/2022\/05\/185_19_Logo_Digitalpakt_Schule_01.jpg 733w\" sizes=\"auto, (max-width: 251px) 100vw, 251px\" \/><\/p>\n","protected":false},"excerpt":{"rendered":"<p>Liebe Sch\u00fclerinnen und Sch\u00fcler, liebe Eltern und liebe Besucher, herzlich Willkommen auf den Seiten der Limburgschule (Schule mit dem F\u00f6rderschwerpunkt<\/p>\n","protected":false},"author":1,"featured_media":0,"parent":0,"menu_order":0,"comment_status":"open","ping_status":"open","template":"","meta":{"colormag_page_layout":"default_layout","footnotes":""},"class_list":["post-27","page","type-page","status-publish","hentry"],"_links":{"self":[{"href":"https:\/\/limburg-schule.de\/index.php?rest_route=\/wp\/v2\/pages\/27","targetHints":{"allow":["GET"]}}],"collection":[{"href":"https:\/\/limburg-schule.de\/index.php?rest_route=\/wp\/v2\/pages"}],"about":[{"href":"https:\/\/limburg-schule.de\/index.php?rest_route=\/wp\/v2\/types\/page"}],"author":[{"embeddable":true,"href":"https:\/\/limburg-schule.de\/index.php?rest_route=\/wp\/v2\/users\/1"}],"replies":[{"embeddable":true,"href":"https:\/\/limburg-schule.de\/index.php?rest_route=%2Fwp%2Fv2%2Fcomments&post=27"}],"version-history":[{"count":152,"href":"https:\/\/limburg-schule.de\/index.php?rest_route=\/wp\/v2\/pages\/27\/revisions"}],"predecessor-version":[{"id":5835,"href":"https:\/\/limburg-schule.de\/index.php?rest_route=\/wp\/v2\/pages\/27\/revisions\/5835"}],"wp:attachment":[{"href":"https:\/\/limburg-schule.de\/index.php?rest_route=%2Fwp%2Fv2%2Fmedia&parent=27"}],"curies":[{"name":"wp","href":"https:\/\/api.w.org\/{rel}","templated":true}]}}